2
In base 8, what is 421 + 0?
421
In base 7, what is -403 + 1?
-402
In base 4, what is -213 + 1322?
1103
In base 8, what is 1 + -660?
-657
In base 15, what is 8c + -2b?
61
In base 10, what is -24 + -820?
-844
In base 14, what is -2 - 77?
-79
In base 8, what is -41 - 55?
-116
In base 9, what is 18 + -42?
-23
In base 9, what is -683 + 25?
-657
In base 9, what is 658 + -1?
657
In base 2, what is -100 + 10101111011?
10101110111
In base 9, what is -403 - 8?
-412
In base 2, what is 100 - 100010?
-11110
In base 2, what is 1010011100011 - 10?
1010011100001
In base 4, what is -10 + 22323?
22313
In base 10, what is -347 - 5?
-352
In base 11, what is 2 - -1922?
1924
In base 8, what is -1767 + 3?
-1764
In base 16, what is -3 + -24?
-27
In base 10, what is 7303 - 3?
7300
In base 15, what is 2 + -11e?
-11c
In base 3, what is -10000210100 - -1?
-10000210022
In base 2, what is -111 + -100111011001?
-100111100000
In base 12, what is -2715 - -4?
-2711
In base 16, what is -3 + 3c5?
3c2
In base 6, what is -32504 - 0?
-32504
In base 2, what is 1 + 1001100?
1001101
In base 8, what is 675 - 4?
671
In base 2, what is 1101 - -10001?
11110
In base 16, what is 5 + -10f?
-10a
In base 7, what is -5013 - -3?
-5010
In base 16, what is 1 + 7a?
7b
In base 12, what is -109 - 3?
-110
In base 8, what is -7 - 431?
-440
In base 12, what is -224 + -10?
-234
In base 6, what is -103 - -51?
-12
In base 9, what is 25 - 11?
14
In base 12, what is -2 + 1121?
111b
In base 5, what is 2030 + -3?
2022
In base 16, what is -4 - -c7?
c3
In base 5, what is -4 + -202041?
-202100
In base 4, what is -11313 + -11?
-11330
In base 14, what is -9 + 38?
2d
In base 3, what is 11 + -2101202?
-2101121
In base 10, what is 143 + -4?
139
In base 12, what is 10b + 8?
117
In base 13, what is -3 + -28b?
-291
In base 11, what is 4 + 2a5?
2a9
In base 15, what is 39 + c8?
112
In base 15, what is 1b8 - 1?
1b7
In base 14, what is 1 - -66?
67
In base 3, what is -10 - 10020010?
-10020020
In base 12, what is 1a5 + 5?
1aa
In base 8, what is 5 - 15?
-10
In base 11, what is 4 - -96?
9a
In base 12, what is 5 + -187?
-182
In base 6, what is -11 - 545?
-1000
In base 6, what is 524 + -3?
521
In base 14, what is -123 - -5?
-11c
In base 13, what is -4 + -42b?
-432
In base 4, what is 10 - -1111?
1121
In base 14, what is -3 + -17?
-1a
In base 15, what is 60 + -86?
-26
In base 6, what is 4 - 4003?
-3555
In base 14, what is -436 + -2?
-438
In base 12, what is 3 - 7a?
-77
In base 6, what is -410 + 4?
-402
In base 5, what is 201 - -1321?
2022
In base 8, what is -1 + -45?
-46
In base 16, what is -36 + 2?
-34
In base 3, what is 1212 + 12?
2001
In base 11, what is 3 + 129?
131
In base 11, what is 184a + 3?
1852
In base 6, what is 1 - 101?
-100
In base 11, what is 4 - 26?
-22
In base 14, what is -2 - cb?
-cd
In base 12, what is 233 + -5?
22a
In base 9, what is 1186 + 3?
1200
In base 5, what is -413 + -100?
-1013
In base 8, what is 1 - -43?
44
In base 12, what is 1312 + -1?
1311
In base 6, what is 2 - -414?
420
In base 2, what is 101000 - -101?
101101
In base 13, what is a6a + -3?
a67
In base 13, what is 5 - 8?
-3
In base 12, what is -5 + 12a5?
12a0
In base 16, what is -8b1 - a?
-8bb
In base 3, what is -20 + 10021?
10001
In base 9, what is 5183 - 3?
5180
In base 12, what is -12 + -1a?
-30
In base 10, what is 166 - -4?
170
In base 15, what is -74c + 5?
-747
In base 2, what is -1010001 - -101?
-1001100
In base 8, what is -5 - 6?
-13
In base 2, what is 10 + -11101?
-11011
In base 2, what is -11101 + 11100?
-1
In base 6, what is 3 - -1015?
1022
In base 10, what is 210 + 4?
214
In base 15, what is 3 - -300?
303
In base 3, what is -201120 + 1?
-201112
In base 11, what is -238 + 0?
-238
In base 16, what is -165 - -2?
-163
In base 8, what is -6 + -6?
-14
In base 10, what is 866 + 2?
868
In base 5, what is -121 + 2421?
2300
In base 6, what is -13 + -1405?
-1422
In base 8, what is -422 + 2?
-420
In base 10, what is 3 - 532?
-529
In base 9, what is -44 + -41?
-85
In base 9, what is 4 + -1214?
-1210
In base 8, what is 0 - -2214?
2214
In base 12, what is -13 + 1?
-12
In base 7, what is 22 + 5?
30
In base 12, what is 42 - 5?
39
In base 10, what is 4 - -215?
219
In base 14, what is 562 + 3?
565
In base 3, what is -10 - 100111?
-100121
In base 13, what is 4 + 0?
4
In base 4, what is -20 + 20?
0
In base 4, what is 22321 + 3?
22330
In base 14, what is 2 - bcc?
-bca
In base 11, what is -23 - -87?
64
In base 3, what is 12222 - 11?
12211
In base 16, what is 0 + 18e?
18e
In base 4, what is 31 - 13220?
-13123
In base 2, what is -1 + -10110111?
-10111000
In base 9, what is -260 - -2?
-257
In base 5, what is 111 - -21?
132
In base 9, what is -1 - 125?
-126
In base 12, what is -4 - -1a?
16
In base 10, what is -338 + 3?
-335
In base 14, what is -11 + 48b?
47a
In base 7, what is 2 - 146?
-144
In base 14, what is 55 + -14?
41
In base 14, what is -2d - 11?
-40
In base 9, what is -2 - 4788?
-4801
In base 14, what is 14 - 4?
10
In base 2, what is -1 - 10111?
-11000
In base 4, what is -11330 + -11?
-12001
In base 14, what is -28 - 14?
-3c
In base 9, what is -22 + 416?
384
In base 7, what is -4 + 5450?
5443
In base 6, what is 215 - 21?
154
In base 2, what is 10 + -1000101001?
-1000100111
In base 11, what is 22 + -10?
12
In base 7, what is -32415 + -1?
-32416
In base 12, what is -19 - -100?
a3
In base 7, what is 6 + 2?
11
In base 7, what is -1065 + 44?
-1021
In base 10, what is -770 - 5?
-775
In base 7, what is 1 - -35221?
35222
In base 15, what is -b + 267?
25b
In base 11, what is -119 + -a?
-128
In base 5, what is 2 + -13?
-11
In base 12, what is -7 + -6a?
-75
In base 5, what is -10201 + -3?
-10204
In base 8, what is 1676 + 3?
1701
In base 5, what is -3321 + -10?
-3331
In base 13, what is -78 - -20?
-58
In base 2, what is -100000 - 101?
-100101
In base 14, what is 1c42 + 4?
1c46
In base 7, what is -3 + -21?
-24
In base 14, what is 4 - 1a?
-16
In base 14, what is 26d - -1?
270
In base 4, what is -10331 - -203?
-10122
In base 3, what is -2000 - 20002?
-22002
In base 8, what is 242 + 6?
250
In base 9, what is -17 - -1?
-16
In base 14, what is -25 - d?
-34
In base 7, what is -4 + -2152?
-2156
In base 5, what is 1 - -442?
443
In base 11, what is -22 + 1?
-21
In base 7, what is -34 + -34?
-101
In base 7, what is -3245 + -5?
-3253
In base 3, what is 10012010 - -2?
10012012
In base 14, what is 7a74 - 5?
7a6d
In base 12, what is -225b7 - 2?
-225b9
In base 13, what is -b7 + -2?
-b9
In base 2, what is -1111010 - 1?
-1111011
In base 10, what is -377 + 19?
-358
In base 12, what is -107 + 2a?
-99
In base 10, what is -4 - 6?
-10
In base 11, what is -140 - -46?
-a5
In base 8, what is 44 + 11?
55
In base 16, what is 11b - 4?
117
In base 15, what is -2 - 466?
-468
In base 8, what is 0 - 64?
-64
In base 14, what is -2 + 264?
262
In base 10, what is -71 - -72?
1
In base 7, what is 34614 - 1?
34613
In base 2, what is -1001110110 - -101?
-1001110001
In base 14, what is -117 + -7?
-120
In base 3, what is -1 + 1202210?
1202202
In base 7, what is 142 - -12?
154
In base 15, what is 8e - -2?
91
In base 12, what is 62 - 0?
62
In base 12, what is 4670 - -4?
4674
In base 10, what is -5 - -35?
30
In base 9, what is 4 + -43?
-38
In base 15, what is 236 + -4?
232
In base 13, what is 1566 + 2?
1568
In base 12, what is 3 + -aa?
-a7
In base 9, what is 5 - -484?
500
In base 15, what is -4 - c?
-11
In base 13, what is c72 + b?
c80
In base 2, what is 1100 - 1101111?
-1100011
In base 15, what is 2 - -24?
26
In base 10, what is -5 + -563?
-568
In base 11, what is 370 - 15?
356
In base 10, what is -12 + -332?
-344
In base 2, what is 1110001 - 1?
1110000
In base 10, what is 5 + 45?
50
In base 5, what is 221 + -10?
211
In base 15, what is -39 - 2e?
-68
In base 5, what is -10 - 2422?
-2432
In base 7, what is 0 + -2520?
-2520
In base 9, what is -150 - 1?
-151
In base 15, what is 2 - 92?
-90
In base 2, what is 10000000 + 1?
10000001
In base 5, what is -130 + -20?
-200
In base 6, what is -13 - -52?
35
In base 15, what is -1 + 0?
-1
In base 2, what is 0 + 10100101010?
10100101010
In base 9, what is 0 + -233?
-233
In base 5, what is 12 + 1010?
1022
In base 7, what is -106 - 2?
-111
In base 8, what is 130 - 11?
117
In base 9, what is 3 + -6084?
-6081
In base 2, what is 1111001 + -111?
1110010
In base 15, what is -37 